 = -4*q**2 + 102*q + 72. What is x(27)?
-90
Let r(f) = -14*f**2 + 14*f - 18. Calculate r(-5).
-438
Let v(a) = 2*a - 146. Determine v(20).
-106
Let x(q) = -15*q**3 + 2295*q**2 + q - 131. What is x(153)?
22
Let i(d) = d**3 + 11*d**2 + 13*d + 143. Calculate i(-11).
0
Let q(n) = -8*n**3 + 269*n**2 + 102*n - 1. Calculate q(34).
-1
Let n(u) = 77*u + 12700. What is n(-165)?
-5
Let q(o) = -o**3 + 11*o**2 - 16*o - 76. Give q(9).
-58
Let n(q) = -2*q**3 - 44*q**2 - 14*q + 217. Determine n(-21).
-371
Let v(d) = -d**2 - 85*d - 1298. Calculate v(-66).
-44
Let s(p) = -5*p**3 - 27*p**2 + 27*p + 192. Determine s(-5).
7
Let k(g) = -117*g + 2835. Give k(24).
27
Let m(g) = -g**2 - 408*g - 8121. What is m(-21)?
6
Let k(s) = -3834*s + 23009. Give k(6).
5
Let f(y) = y**2 + 32*y - 144. Determine f(-35).
-39
Let a(g) = 2*g + 85. Calculate a(-24).
37
Let p(z) = -z**3 - 4*z**2 - 2*z + 1. What is p(-5)?
36
Let r(a) = -a**3 - 241*a**2 + 6652*a - 45. Give r(25).
5
Let c(p) = 11*p**2 - 43*p - 426. What is c(9)?
78
Let w(o) = o**3 - 38*o**2 + 25*o - 949. Calculate w(38).
1
Let q(i) = -2*i**2 - 19*i + 579. Calculate q(-23).
-42
Let q(z) = 39*z**2 - 1002*z - 298. Calculate q(26).
14
Let w(z) = -2*z**2 + 2197*z - 2198. Determine w(1).
-3
Let s(u) = -u**3 + 16*u**2 - 52*u + 327. Calculate s(14).
-9
Let w(t) = 76*t - 4638. Give w(61).
-2
Let u(i) = 10*i + 674. Give u(-69).
-16
Let w(l) = -18*l**2 + 89*l + 181. Determine w(-2).
-69
Let g(s) = 2*s**2 - 12*s - 17. Calculate g(7).
-3
Let w(b) = b**3 - 64*b**2 + 448*b + 2. Give w(8).
2
Let z(k) = -21*k**2 + 2*k - 2. Give z(1).
-21
Let t(r) = 354*r + 696. Determine t(-2).
-12
Let f(m) = m**3 + 17*m**2 - 37*m + 12. Give f(-19).
-7
Let r(k) = k**3 - 44*k**2 + 8*k - 371. Give r(44).
-19
Let t(x) = -8*x**2 + 2*x - 15. Calculate t(0).
-15
Let u(y) = -y**2 - 290*y + 3301. What is u(-301)?
-10
Let w(n) = -3*n**3 + 30*n**2 + 155*n - 1336. Give w(11).
6
Let f(t) = -2*t**2 - 140*t - 887. Give f(-63).
-5
Let b(h) = -25*h + 1025. Determine b(41).
0
Let j(c) = c**3 + 12*c**2 - 41*c - 217. Determine j(-3).
-13
Let n(q) = 49*q - 381. Give n(8).
11
Let s(o) = -o**2 + 16*o - 42. Determine s(3).
-3
Let f(u) = 3*u**3 + 66*u**2 - 75*u - 140. Calculate f(-23).
-2
Let m(i) = -44*i + 2339. Give m(53).
7
Let d(u) = 66*u - 314. What is d(18)?
874
Let f(l) = 4*l + 12. Give f(13).
64
Let y(b) = b**2 - 144*b + 3066. Calculate y(118).
-2
Let w(a) = -10*a**2 - 138*a + 67. What is w(-14)?
39
Let r(b) = 26*b**2 + 355*b - 126. Give r(-14).
0
Let z(y) = y**3 - 12*y**2 + 2*y + 22. What is z(11)?
-77
Let c(u) = -85*u**2 + u - 2. Give c(1).
-86
Let f(k) = 573*k - 4018. What is f(7)?
-7
Let k(g) = -8*g + 52. What is k(0)?
52
Let x(u) = -u**3 + 26*u**2 - 59*u + 237. What is x(24)?
-27
Let r(z) = 664*z**3 + 2*z**2 + 43*z + 41. Determine r(-1).
-664
Let l(q) = 21*q + 37. Give l(-2).
-5
Let o(v) = v**3 + 10*v**2 - 38*v - 431. Calculate o(-8).
1
Let j(b) = -b**3 - 46*b**2 - 331*b + 22. What is j(-37)?
-52
Let r(d) = -d**3 + 49*d**2 - 36*d - 2732. Determine r(47).
-6
Let z(f) = 16*f - 147. Calculate z(9).
-3
Let s(x) = -9*x**2 + 155*x - 46. Calculate s(17).
-12
Let g(s) = 5*s**2 - 8*s + 6. Calculate g(1).
3
Let f(z) = z**3 - 6*z**2 - 15. What is f(-5)?
-290
Let m(f) = 110*f**2 - 555*f + 21. What is m(5)?
-4
Let n(d) = -d**3 + 28*d**2 - 75*d + 17. What is n(25)?
17
Let b(c) = 3*c**2 + 48*c + 33. Give b(-14).
-51
Let q(o) = -16*o**2 + 33*o + 124. Give q(-2).
-6
Let p(v) = 3*v**2 - 37*v - 37. Determine p(12).
-49
Let a(g) = -3*g**2 + 39*g - 79. Determine a(11).
-13
Let y(x) = -x**3 - 9*x**2 - 53*x - 31. What is y(-5)?
134
Let f(j) = 27*j + 1375. Calculate f(-50).
25
Let r(v) = 42*v + 1108. Determine r(-26).
16
Let a(y) = -238*y + 75203. Determine a(316).
-5
Let d(k) = -k**3 - 82*k**2 - 164*k - 305. What is d(-80)?
15
Let z(q) = 125*q + 1154. Give z(-8).
154
Let o(c) = -c**2 - 51*c + 984. What is o(-66)?
-6
Let i(g) = 85*g - 917. Calculate i(11).
18
Let v(y) = y**3 + 19*y**2 - 122*y - 5. Calculate v(-24).
43
Let p(h) = 80*h - 2730. What is p(34)?
-10
Let v(l) = -3*l**2 + 407*l + 2050. Calculate v(-5).
-60
Let m(t) = -200*t - 191. What is m(-1)?
9
Let v(p) = -p**3 + 17*p**2 - 157*p + 2260. Calculate v(16).
4
Let v(g) = -5*g + 495. Calculate v(83).
80
Let y(f) = -4*f**3 + 17*f**2 - 34*f + 18. Determine y(1).
-3
Let m(n) = 71*n**2 + 558*n - 105. Calculate m(-8).
-25
Let w(k) = -k**2 - 4*k + 260. Give w(14).
8
Let o(i) = i**2 - 672. Calculate o(25).
-47
Let z(b) = -3*b**2 - 47*b + 9. What is z(-18)?
-117
Let t(b) = 4*b - 33. Calculate t(9).
3
Let u(v) = -34*v - 1007. Determine u(-30).
13
Let h(t) = -157*t + 1715. Calculate h(11).
-12
Let b(x) = x**3 + 187*x**2 + 903*x - 1268. What is b(-182)?
6
Let b(o) = o**3 + 14*o**2 + 43*o + 2. Calculate b(-7).
44
Let o(i) = -4*i**3 + 20*i**2 + 9*i + 91. Determine o(6).
1
Let c(s) = 2*s**2 + 124*s + 479. Calculate c(-58).
15
Let c(z) = 5*z**2 + 18*z - 93. Determine c(4).
59
Let q(b) = 24*b + 2275. Give q(-97).
-53
Let t(h) = 3*h**2 + 214*h - 157. Give t(-72).
-13
Let i(w) = w**3 - 10*w**2 - 50*w + 344. Calculate i(8).
-184
Let g(c) = -c**3 - 3*c**2 + 116*c + 58. What is g(-12)?
-38
Let a(q) = 135*q**3 - 2*q**2 + 12*q - 10. What is a(1)?
135
Let o(k) = -24*k**2 + 49*k - 4. Determine o(2).
-2
Let b(c) = c**3 - 5*c**2 + 492*c - 2978. Calculate b(6).
10
Let f(v) = 3*v**3 + 79*v**2 + 25*v - 29. Determine f(-26).
-3
Let t(j) = 3*j**2 + 17*j - 237. What is t(13)?
491
Let w(k) = 11*k**2 - 158*k + 467. What is w(3)?
92
Let w(l) = 1491*l - 187864. Give w(126).
2
Let z(c) = 59*c - 1968. Calculate z(33).
-21
Let f(n) = 2678*n + 13375. Determine f(-5).
-15
Let c(z) = -z**3 - 5*z**2 + 4*z - 25. What is c(-7)?
45
Let v(g) = g**3 - 46*g**2 - 10*g + 2477. Determine v(45).
2
Let s(h) = -h**2 - 323*h + 5446. Give s(16).
22
Let y(p) = -4*p**2 - 19*p + 14. Determine y(-5).
9
Let p(n) = 17*n - 719. What is p(40)?
-39
Let h(t) = -2*t**3 - 34*t**2 - 7*t - 122. Determine h(-17).
-3
Let u(g) = 3*g**2 + 44*g + 161. What is u(-7)?
0
Let w(d) = -41*d + 330. Give w(9).
-39
Let l(h) = -h**2 - 76*h + 5945. Calculate l(48).
-7
Let n(v) = 57*v + 133. What is n(-3)?
-38
Let f(p) = -146*p + 653. Calculate f(6).
-223
Let a(g) = -109*g + 1315. Calculate a(12).
7
Let w(i) = -202*i + 1403. What is w(7)?
-11
Let o(f) = -21*f + 703. Determine o(31).
52
Let u(w) = -92*w + 940. Calculate u(9).
112
Let g(q) = 3*q**2 + 5*q - 32. What is g(-7)?
80
Let r(g) = -3773*g - 15089. What is r(-4)?
3
Let o(p) = -p**2 + 38*p - 299. Calculate o(16).
53
Let c(y) = 61*y + 871. Determine c(-14).
17
Let w(z) = -2*z**3 + 13*z**2 - 18*z + 1. Determine w(2).
1
Let v(g) = -4*g**2 + 43*g - 94. Give v(8).
-6
Let z(n) = -77*n + 3357. What is z(44)?
-31
Let q(c) = 2*c**2 - 49*c - 192. Give q(31).
211
Let n(v) = -922*v + 114332. What is n(124)?
4
Let q(k) = k**3 - 13*k**2 + 20*k - 29. What is q(9)?
-173
Let t(y) = y**3 + 2*y**2 - 93*y + 116. What is t(-11)?
50
Let s(j) = 2150*j + 10708. Give s(-5).
-42
Let b(y) = -y**2 + 85*y - 10. Give b(85).
-10
Let p(r) = 778*r + 34259. What is p(-44)?
27
Let q(x) = 2*x**3 + 15*x**2 - 876*x - 17. Calculate q(-25).
8
Let i(o) = -2*o**3 + 18*o**2 - 5*o - 64. Give i(8).
24
Let m(y) = y**3 + 12*y**2 + 11*y - 20. Give m(-9).
124
Let q(z) = 4825*z + 82046. Determine q(-17).
21
Let k(g) = -g**2 - 35*g - 252. What is k(-16)?
52
Let a(f) = f**2 + 34*f + 284. Calculate a(-20).
4
Let u(r) = 49*r - 1756. What is u(36)?
8
Let o(x) = -x**3 - 2*x**2 + 79*x - 14. What is o(-10)?
-4
Let y(w) = 4*w**2 + 34*w + 22. Determine y(-8).
6
Let x(s) = s**3 - 11*s**2 - 93*s + 102. Give x(-6).
48
Let v(b) = -4*b**2 + 25*b + 852. What is v(18)?
6
Let r(k) = 16*k - 164. Determine r(9).
-20
Let a(r) = -32*r**2 - 261*r - 6. Calculate a(-8).
34
Let q(o) = -o**3 - 5*o**2 + 27*o + 22. Give q(-8).
-2
Let u(l) = -13*l**2 - 6*l - 4. Give u(-1).
-11
Let c(k) = -k**2 - 13*k - 22. Calculate c(8).
-190
Let b(j) = 2*j**3 + 76*j**2 - 79*j - 88. Determine b(-39).
-49
Let g(d) = -31*d - 1708. Determine g(-56).
28
Let p(j) = -17*j**2 + 20*j + 60. Determine p(-2).
-48
Let f(s) = -s**3 + 107*s**2 - 34*s - 7622. Give f(106).
10
Let s(h) = -133*h**2 + h - 7. What is s(2)?
-537
Let x(q) = -74*q - 976. What is x(-13)?
-14
Let v(q) = 81*q - 222. Calculate v(4).
102
Let z(h) = h**2 - 15*h - 75. Give z(13).
-101
Let c(j) = j**3 - 47